 highest common divisor of 4901 and 169?
169
What is the greatest common factor of 64 and 17824?
32
What is the greatest common factor of 198 and 462?
66
What is the greatest common divisor of 100 and 75?
25
What is the highest common factor of 74 and 10286?
74
Calculate the highest common divisor of 22 and 4741.
11
What is the highest common factor of 483 and 207?
69
Calculate the highest common factor of 464 and 580.
116
Calculate the greatest common factor of 220 and 572.
44
What is the highest common factor of 6582 and 18?
6
What is the greatest common divisor of 779 and 190?
19
Calculate the highest common divisor of 578 and 306.
34
Calculate the greatest common divisor of 1157 and 13.
13
What is the greatest common factor of 28 and 32?
4
What is the highest common divisor of 2810 and 10?
10
What is the highest common factor of 20 and 760?
20
Calculate the greatest common factor of 9099 and 27.
27
What is the highest common divisor of 21 and 693?
21
What is the greatest common divisor of 572 and 8?
4
Calculate the highest common divisor of 94 and 2.
2
What is the highest common factor of 2686 and 85?
17
What is the greatest common divisor of 18 and 198?
18
What is the highest common factor of 25 and 25?
25
What is the highest common divisor of 14 and 2289?
7
Calculate the greatest common factor of 1221 and 555.
111
What is the highest common divisor of 207 and 18?
9
Calculate the greatest common divisor of 1463 and 77.
77
Calculate the highest common divisor of 5412 and 1056.
132
What is the highest common divisor of 396 and 72?
36
What is the greatest common factor of 3318 and 42?
42
What is the greatest common factor of 2700 and 100?
100
Calculate the highest common factor of 408 and 384.
24
What is the greatest common factor of 44 and 1772?
4
What is the greatest common divisor of 2 and 144?
2
Calculate the greatest common divisor of 1776 and 111.
111
What is the highest common divisor of 71220 and 15?
15
What is the greatest common factor of 5 and 45?
5
What is the greatest common factor of 69484 and 116?
116
What is the greatest common divisor of 81 and 9693?
27
Calculate the greatest common divisor of 756 and 168.
84
What is the greatest common factor of 5 and 35?
5
What is the highest common divisor of 2670 and 15?
15
What is the greatest common factor of 16 and 196?
4
Calculate the greatest common factor of 18275 and 50.
25
What is the highest common divisor of 1434 and 6?
6
What is the highest common divisor of 2064 and 430?
86
Calculate the greatest common divisor of 123 and 1312.
41
Calculate the greatest common divisor of 249 and 415.
83
Calculate the greatest common divisor of 155 and 1333.
31
What is the greatest common divisor of 199 and 1?
1
Calculate the greatest common factor of 126 and 46242.
126
Calculate the greatest common factor of 125 and 2000.
125
What is the highest common factor of 1218 and 174?
174
What is the highest common divisor of 46 and 10534?
46
Calculate the highest common factor of 14 and 2331.
7
Calculate the highest common factor of 9 and 28.
1
What is the greatest common divisor of 1005 and 15?
15
What is the greatest common factor of 3 and 2?
1
Calculate the highest common factor of 13680 and 216.
72
Calculate the highest common factor of 168 and 294.
42
Calculate the greatest common factor of 148 and 4033.
37
What is the highest common divisor of 1139 and 737?
67
What is the greatest common factor of 42 and 4494?
42
Calculate the greatest common divisor of 946 and 88.
22
Calculate the greatest common factor of 9000 and 54.
18
Calculate the greatest common divisor of 1043 and 14.
7
What is the greatest common factor of 4263 and 9?
3
What is the highest common divisor of 36 and 4419?
9
What is the greatest common factor of 16 and 14?
2
Calculate the highest common factor of 1633 and 92.
23
Calculate the highest common factor of 308 and 84.
28
Calculate the highest common divisor of 7947 and 9.
9
Calculate the highest common factor of 1778 and 42.
14
Calculate the greatest common divisor of 2394 and 63.
63
Calculate the highest common divisor of 24 and 54.
6
Calculate the greatest common divisor of 2820 and 660.
60
What is the greatest common factor of 88 and 1221?
11
Calculate the highest common factor of 364 and 260.
52
What is the highest common factor of 558 and 9672?
186
Calculate the greatest common divisor of 312 and 429.
39
What is the highest common divisor of 616 and 88?
88
What is the highest common divisor of 186 and 3596?
62
What is the greatest common divisor of 21 and 4718?
7
Calculate the greatest common factor of 170 and 102.
34
What is the highest common divisor of 35 and 1715?
35
What is the highest common factor of 28072 and 928?
232
Calculate the highest common factor of 30 and 270.
30
Calculate the highest common factor of 2799 and 27.
9
What is the greatest common factor of 5125 and 41?
41
Calculate the greatest common factor of 95 and 3.
1
What is the greatest common divisor of 592 and 1998?
74
What is the highest common divisor of 27 and 13824?
27
What is the highest common divisor of 616 and 16?
8
What is the greatest common factor of 232 and 16?
8
What is the highest common factor of 1541 and 67?
67
What is the greatest common factor of 176 and 110?
22
Calculate the highest common divisor of 1002 and 18.
6
What is the greatest common divisor of 187 and 11?
11
What is the highest common divisor of 24 and 36?
12
What is the greatest common divisor of 72 and 2664?
72
Calculate the greatest common factor of 412 and 2.
2
What is the greatest common divisor of 50 and 775?
25
Calculate the greatest common factor of 198 and 154.
22
What is the greatest common divisor of 288 and 2?
2
Calculate the greatest common factor of 216 and 1440.
72
Calculate the highest common divisor of 4236 and 36.
12
Calculate the greatest common divisor of 966 and 92.
46
What is the highest common divisor of 756 and 70?
14
Calculate the greatest common divisor of 30 and 130.
10
What is the greatest common divisor of 13621 and 53?
53
Calculate the greatest common divisor of 30 and 555.
15
What is the greatest common divisor of 1029 and 42?
21
What is the highest common divisor of 234 and 11466?
234
What is the highest common divisor of 2375 and 760?
95
Calculate the greatest common divisor of 273 and 39.
39
Calculate the greatest common factor of 1056 and 33.
33
What is the greatest common divisor of 1325 and 300?
25
Calculate the greatest common factor of 782 and 340.
34
What is the highest common divisor of 4293 and 54?
27
What is the greatest common factor of 25 and 400?
25
Calculate the highest common factor of 132 and 24.
12
What is the greatest common divisor of 2444 and 1316?
188
What is the greatest common factor of 30 and 60?
30
Calculate the greatest common factor of 66 and 1.
1
Calculate the greatest common divisor of 105 and 399.
21
Calculate the highest common factor of 42 and 336.
42
What is the greatest common factor of 28 and 4172?
28
Calculate the highest common divisor of 10 and 30.
10
Calculate the greatest common factor of 63 and 2709.
63
Calculate the highest common divisor of 26 and 2743.
13
Calculate the greatest common factor of 88 and 121.
11
Calculate the greatest common divisor of 9 and 46.
1
What is the greatest common divisor of 1102 and 38?
38
What is the greatest common factor of 155 and 230?
5
What is the highest common factor of 752 and 2914?
94
Calculate the greatest common factor of 5112 and 360.
72
Calculate the greatest common factor of 14568 and 24.
24
What is the highest common divisor of 61602 and 6?
6
Calculate the greatest common divisor of 305 and 15.
5
Calculate the highest common factor of 424 and 371.
53
Calculate the highest common factor of 637 and 273.
91
Calculate the highest common factor of 1058 and 2.
2
What is the greatest common divisor of 21 and 168?
21
Calculate the greatest common factor of 56 and 2312.
8
What is the greatest common divisor of 57 and 4674?
57
Calculate the greatest common factor of 2126 and 2.
2
Calculate the greatest common divisor of 3587 and 422.
211
Calculate the highest common divisor of 294 and 164346.
294
What is the highest common divisor of 38 and 8?
2
Calculate the greatest common divisor of 7380 and 84.
12
Calculate